{"id":1006,"date":"2026-02-18T21:52:19","date_gmt":"2026-02-18T21:52:19","guid":{"rendered":"https:\/\/www.alex.creation-site-divi.fr\/?page_id=1006"},"modified":"2026-02-18T22:14:53","modified_gmt":"2026-02-18T22:14:53","slug":"boxing","status":"publish","type":"page","link":"https:\/\/www.alex.creation-site-divi.fr\/index.php\/boxing\/","title":{"rendered":"Boxing"},"content":{"rendered":"\t\t<div data-elementor-type=\"wp-page\" data-elementor-id=\"1006\" class=\"elementor elementor-1006\" data-elementor-post-type=\"page\">\n\t\t\t\t<div class=\"elementor-element elementor-element-b6c11be e-flex e-con-boxed e-con e-parent\" data-id=\"b6c11be\" data-element_type=\"container\" data-e-type=\"container\" data-settings=\"{&quot;background_background&quot;:&quot;classic&quot;}\">\n\t\t\t\t\t<div class=\"e-con-inner\">\n\t\t\t\t<div class=\"elementor-element elementor-element-399c322 elementor-widget elementor-widget-text-editor\" data-id=\"399c322\" data-element_type=\"widget\" data-e-type=\"widget\" data-widget_type=\"text-editor.default\">\n\t\t\t\t\t\t\t\t\t<h1><span style=\"color: #ffffff;\">BOXING<\/span><\/h1><h1 class=\"mb-0\"><span style=\"color: #ffffff;\">L&rsquo;entrainement qui cogne<\/span><br \/><span class=\"outline-text\" style=\"color: #ffffff;\">REJOIGNEZ L\u2019AGITATION<\/span><\/h1>\t\t\t\t\t\t\t\t<\/div>\n\t\t\t\t<div class=\"elementor-element elementor-element-aeabbd5 elementor-align-center elementor-widget elementor-widget-button\" data-id=\"aeabbd5\" data-element_type=\"widget\" data-e-type=\"widget\" data-widget_type=\"button.default\">\n\t\t\t\t\t\t\t\t\t\t<a class=\"elementor-button elementor-button-link elementor-size-sm\" href=\"#\">\n\t\t\t\t\t\t<span class=\"elementor-button-content-wrapper\">\n\t\t\t\t\t\t\t\t\t<span class=\"elementor-button-text\">R\u00c9SERVEZ VOTRE SAC<\/span>\n\t\t\t\t\t<\/span>\n\t\t\t\t\t<\/a>\n\t\t\t\t\t\t\t\t<\/div>\n\t\t\t\t\t<\/div>\n\t\t\t\t<\/div>\n\t\t<div class=\"elementor-element elementor-element-bf4d729 e-flex e-con-boxed e-con e-parent\" data-id=\"bf4d729\" data-element_type=\"container\" data-e-type=\"container\" data-settings=\"{&quot;background_background&quot;:&quot;classic&quot;}\">\n\t\t\t\t\t<div class=\"e-con-inner\">\n\t\t\t\t<div class=\"elementor-element elementor-element-a9599d6 elementor-widget-divider--view-line elementor-widget elementor-widget-divider\" data-id=\"a9599d6\" data-element_type=\"widget\" data-e-type=\"widget\" data-widget_type=\"divider.default\">\n\t\t\t\t\t\t\t<div class=\"elementor-divider\">\n\t\t\t<span class=\"elementor-divider-separator\">\n\t\t\t\t\t\t<\/span>\n\t\t<\/div>\n\t\t\t\t\t\t<\/div>\n\t\t\t\t<div class=\"elementor-element elementor-element-fed9565 elementor-widget elementor-widget-text-editor\" data-id=\"fed9565\" data-element_type=\"widget\" data-e-type=\"widget\" data-widget_type=\"text-editor.default\">\n\t\t\t\t\t\t\t\t\t<h2 class=\"contact-form-h2 text-left text-white\"><span style=\"color: #ffffff;\">LE WORKOUT QUI BOUGE<\/span><\/h2><h5 class=\"text-white\">50% BOXE \ud83e\udd4a\u00a0<small>X<\/small>\u00a050%BOOTCAMP<\/h5><p class=\"contact-form-p text-left text-white\">Le combat de 10 rounds et 45 minutes est \u00e9galement r\u00e9parti entre deux styles d&rsquo;entra\u00eenement.<br \/>La moiti\u00e9 du cours est consacr\u00e9e \u00e0 l&rsquo;exploration de combos simples \u00e0 ex\u00e9cuter \u00e0 partir des 6 coups les plus classiques de la BOXE appris avant, pendant et ci n\u00e9cessaire revus apr\u00e8s le cours. C\u00f4t\u00e9 BOOTCAMP on sculpte, dessine et renforce cuisses, bras, abdos, fessiers, un travail full body \u00e0 l\u2019aide de bench \u00e9quip\u00e9s d\u2019halt\u00e8res et de mat\u00e9riel exclusif ATHLETX REBEL.<\/p><div class=\"d-flex\">\u00a0<\/div>\t\t\t\t\t\t\t\t<\/div>\n\t\t\t\t<div class=\"elementor-element elementor-element-04147f3 elementor-align-center elementor-widget elementor-widget-button\" data-id=\"04147f3\" data-element_type=\"widget\" data-e-type=\"widget\" data-widget_type=\"button.default\">\n\t\t\t\t\t\t\t\t\t\t<a class=\"elementor-button elementor-button-link elementor-size-sm\" href=\"#\">\n\t\t\t\t\t\t<span class=\"elementor-button-content-wrapper\">\n\t\t\t\t\t\t\t\t\t<span class=\"elementor-button-text\">APER\u00c7U DES SIX COUPS<\/span>\n\t\t\t\t\t<\/span>\n\t\t\t\t\t<\/a>\n\t\t\t\t\t\t\t\t<\/div>\n\t\t\t\t\t<\/div>\n\t\t\t\t<\/div>\n\t\t<div class=\"elementor-element elementor-element-bc2db8c e-flex e-con-boxed e-con e-parent\" data-id=\"bc2db8c\" data-element_type=\"container\" data-e-type=\"container\" data-settings=\"{&quot;background_background&quot;:&quot;classic&quot;}\">\n\t\t\t\t\t<div class=\"e-con-inner\">\n\t\t\t\t<div class=\"elementor-element elementor-element-0b9e92a elementor-widget-divider--view-line elementor-widget elementor-widget-divider\" data-id=\"0b9e92a\" data-element_type=\"widget\" data-e-type=\"widget\" data-widget_type=\"divider.default\">\n\t\t\t\t\t\t\t<div class=\"elementor-divider\">\n\t\t\t<span class=\"elementor-divider-separator\">\n\t\t\t\t\t\t<\/span>\n\t\t<\/div>\n\t\t\t\t\t\t<\/div>\n\t\t\t\t<div class=\"elementor-element elementor-element-33fdd96 elementor-widget elementor-widget-text-editor\" data-id=\"33fdd96\" data-element_type=\"widget\" data-e-type=\"widget\" data-widget_type=\"text-editor.default\">\n\t\t\t\t\t\t\t\t\t<h2 class=\"contact-form-h2 text-left text-white\"><span style=\"color: #ffffff;\">LES GOOD VIBES<\/span><\/h2><p class=\"contact-form-p text-left text-white\">Avec un syst\u00e8me audio m\u00e9ga-watt et des listes de lecture personnalis\u00e9es disponibles uniquement chez ATHLETX REBEL , nos c\u0153urs battent tous ensemble aux rythmes de la vieille et de la nouvelle \u00e9cole.<br \/><br \/>Tandis que la musique vous aidera \u00e0 vous surpasser , les vibrations d\u00e9clenchent dans la pi\u00e8ce des ondes inclusives et positives.<br \/>Quand nous disons \u00ab 10 ROUNDS, 2 POINGS, AUCUNE exp\u00e9rience n\u00e9cessaire \u00bb, nous le pensons vraiment. Il n&rsquo;est pas rare de voir des boxeurs d\u00e9butants c\u00f4toyer des combattants plus chevronn\u00e9s . Peu importe votre niveau de forme physique, nous faisons \u00e9quipe et combattons ensemble.<\/p>\t\t\t\t\t\t\t\t<\/div>\n\t\t\t\t\t<\/div>\n\t\t\t\t<\/div>\n\t\t<div class=\"elementor-element elementor-element-4f99ce1 e-flex e-con-boxed e-con e-parent\" data-id=\"4f99ce1\" data-element_type=\"container\" data-e-type=\"container\" data-settings=\"{&quot;background_background&quot;:&quot;classic&quot;}\">\n\t\t\t\t\t<div class=\"e-con-inner\">\n\t\t<div class=\"elementor-element elementor-element-035eca9 e-con-full e-flex e-con e-child\" data-id=\"035eca9\" data-element_type=\"container\" data-e-type=\"container\">\n\t\t\t\t<div class=\"elementor-element elementor-element-9af7dd7 elementor-widget-divider--view-line elementor-widget elementor-widget-divider\" data-id=\"9af7dd7\" data-element_type=\"widget\" data-e-type=\"widget\" data-widget_type=\"divider.default\">\n\t\t\t\t\t\t\t<div class=\"elementor-divider\">\n\t\t\t<span class=\"elementor-divider-separator\">\n\t\t\t\t\t\t<\/span>\n\t\t<\/div>\n\t\t\t\t\t\t<\/div>\n\t\t\t\t<\/div>\n\t\t\t\t\t<\/div>\n\t\t\t\t<\/div>\n\t\t<div class=\"elementor-element elementor-element-51912a7 e-flex e-con-boxed e-con e-parent\" data-id=\"51912a7\" data-element_type=\"container\" data-e-type=\"container\" data-settings=\"{&quot;background_background&quot;:&quot;classic&quot;}\">\n\t\t\t\t\t<div class=\"e-con-inner\">\n\t\t<div class=\"elementor-element elementor-element-a4c0efc e-con-full e-flex e-con e-child\" data-id=\"a4c0efc\" data-element_type=\"container\" data-e-type=\"container\">\n\t\t\t\t<div class=\"elementor-element elementor-element-7b34428 elementor-widget elementor-widget-text-editor\" data-id=\"7b34428\" data-element_type=\"widget\" data-e-type=\"widget\" data-widget_type=\"text-editor.default\">\n\t\t\t\t\t\t\t\t\t<h2 class=\"contact-form-h2 text-left text-white\"><span style=\"color: #ffffff;\">L&rsquo;HYMNE REBEL<\/span><\/h2><h5 class=\"text-white\">COMBATTEZ COMME VOUS VIVEZ<\/h5><p class=\"contact-form-p text-left text-white\">Nous avons tous des choses pour lesquelles nous nous battons dans cette vie, et Athletx Rebel est une opportunit\u00e9 de combattre la s\u00e9dentarit\u00e9 . Que vous envisagiez ou non de monter sur un ring, nous avons tous besoin de courage, de d\u00e9termination, de concentration et d&rsquo;endurance. Ce sont les comp\u00e9tences que nous visons \u00e0 d\u00e9velopper parce que c&rsquo;est ce que signifie vraiment \u00eatre un combattant. (Apprendre \u00e0 mettre des coups n&rsquo;est qu&rsquo;un bonus. \ud83d\ude09)<\/p>\t\t\t\t\t\t\t\t<\/div>\n\t\t\t\t<\/div>\n\t\t<div class=\"elementor-element elementor-element-f717b9a e-con-full e-flex e-con e-child\" data-id=\"f717b9a\" data-element_type=\"container\" data-e-type=\"container\">\n\t\t\t\t<div class=\"elementor-element elementor-element-dde41bc elementor-widget elementor-widget-image\" data-id=\"dde41bc\" data-element_type=\"widget\" data-e-type=\"widget\" data-widget_type=\"image.default\">\n\t\t\t\t\t\t\t\t\t\t\t\t\t\t\t<img fetchpriority=\"high\" decoding=\"async\" width=\"800\" height=\"800\" src=\"https:\/\/www.alex.creation-site-divi.fr\/wp-content\/uploads\/2026\/02\/wallpaper2_noir.png\" class=\"attachment-large size-large wp-image-1022\" alt=\"\" srcset=\"https:\/\/www.alex.creation-site-divi.fr\/wp-content\/uploads\/2026\/02\/wallpaper2_noir.png 800w, https:\/\/www.alex.creation-site-divi.fr\/wp-content\/uploads\/2026\/02\/wallpaper2_noir-300x300.png 300w, https:\/\/www.alex.creation-site-divi.fr\/wp-content\/uploads\/2026\/02\/wallpaper2_noir-150x150.png 150w, https:\/\/www.alex.creation-site-divi.fr\/wp-content\/uploads\/2026\/02\/wallpaper2_noir-768x768.png 768w\" sizes=\"(max-width: 800px) 100vw, 800px\" \/>\t\t\t\t\t\t\t\t\t\t\t\t\t\t\t<\/div>\n\t\t\t\t<\/div>\n\t\t\t\t\t<\/div>\n\t\t\t\t<\/div>\n\t\t<div class=\"elementor-element elementor-element-4f63855 e-flex e-con-boxed e-con e-parent\" data-id=\"4f63855\" data-element_type=\"container\" data-e-type=\"container\">\n\t\t\t\t\t<div class=\"e-con-inner\">\n\t\t<div class=\"elementor-element elementor-element-421981d e-con-full e-flex e-con e-child\" data-id=\"421981d\" data-element_type=\"container\" data-e-type=\"container\">\n\t\t\t\t<div class=\"elementor-element elementor-element-43f2068 elementor-widget-divider--view-line elementor-widget elementor-widget-divider\" data-id=\"43f2068\" data-element_type=\"widget\" data-e-type=\"widget\" data-widget_type=\"divider.default\">\n\t\t\t\t\t\t\t<div class=\"elementor-divider\">\n\t\t\t<span class=\"elementor-divider-separator\">\n\t\t\t\t\t\t<\/span>\n\t\t<\/div>\n\t\t\t\t\t\t<\/div>\n\t\t\t\t<div class=\"elementor-element elementor-element-d2165f9 elementor-widget elementor-widget-text-editor\" data-id=\"d2165f9\" data-element_type=\"widget\" data-e-type=\"widget\" data-widget_type=\"text-editor.default\">\n\t\t\t\t\t\t\t\t\t<h2 class=\"contact-form-h2 text-center \">WORKOUT BOXING<\/h2><div class=\"row no-gutters\"><div class=\"col-12 col-sm-6 col-md-3 workout-detail-pros\">\u00a0<\/div><\/div>\t\t\t\t\t\t\t\t<\/div>\n\t\t\t\t<\/div>\n\t\t<div class=\"elementor-element elementor-element-f955a95 e-con-full e-flex e-con e-child\" data-id=\"f955a95\" data-element_type=\"container\" data-e-type=\"container\">\n\t\t<div class=\"elementor-element elementor-element-c829ba4 e-grid e-con-full e-con e-child\" data-id=\"c829ba4\" data-element_type=\"container\" data-e-type=\"container\">\n\t\t\t\t<div class=\"elementor-element elementor-element-f313778 elementor-position-top elementor-widget elementor-widget-image-box\" data-id=\"f313778\" data-element_type=\"widget\" data-e-type=\"widget\" data-widget_type=\"image-box.default\">\n\t\t\t\t\t<div class=\"elementor-image-box-wrapper\"><figure class=\"elementor-image-box-img\"><img decoding=\"async\" width=\"2560\" height=\"2538\" src=\"https:\/\/www.alex.creation-site-divi.fr\/wp-content\/uploads\/2026\/02\/boxing-scaled.png\" class=\"attachment-full size-full wp-image-1029\" alt=\"\" srcset=\"https:\/\/www.alex.creation-site-divi.fr\/wp-content\/uploads\/2026\/02\/boxing-scaled.png 2560w, https:\/\/www.alex.creation-site-divi.fr\/wp-content\/uploads\/2026\/02\/boxing-300x297.png 300w, https:\/\/www.alex.creation-site-divi.fr\/wp-content\/uploads\/2026\/02\/boxing-1024x1015.png 1024w, https:\/\/www.alex.creation-site-divi.fr\/wp-content\/uploads\/2026\/02\/boxing-150x150.png 150w, https:\/\/www.alex.creation-site-divi.fr\/wp-content\/uploads\/2026\/02\/boxing-768x761.png 768w, https:\/\/www.alex.creation-site-divi.fr\/wp-content\/uploads\/2026\/02\/boxing-1536x1523.png 1536w, https:\/\/www.alex.creation-site-divi.fr\/wp-content\/uploads\/2026\/02\/boxing-2048x2031.png 2048w\" sizes=\"(max-width: 2560px) 100vw, 2560px\" \/><\/figure><div class=\"elementor-image-box-content\"><h3 class=\"elementor-image-box-title\">BOXING<\/h3><p class=\"elementor-image-box-description\">Que vous soyez en shadowboxing ou que vous frappiez sur le sac, ex\u00e9cutez les six coups de poing avec des combos con\u00e7us pour dynamiser et mobiliser tout le corps\ud83d\udcaa<\/p><\/div><\/div>\t\t\t\t<\/div>\n\t\t\t\t<div class=\"elementor-element elementor-element-906a5cf elementor-position-top elementor-widget elementor-widget-image-box\" data-id=\"906a5cf\" data-element_type=\"widget\" data-e-type=\"widget\" data-widget_type=\"image-box.default\">\n\t\t\t\t\t<div class=\"elementor-image-box-wrapper\"><figure class=\"elementor-image-box-img\"><img decoding=\"async\" width=\"2080\" height=\"2560\" src=\"https:\/\/www.alex.creation-site-divi.fr\/wp-content\/uploads\/2026\/02\/chrono-scaled.png\" class=\"attachment-full size-full wp-image-1032\" alt=\"\" srcset=\"https:\/\/www.alex.creation-site-divi.fr\/wp-content\/uploads\/2026\/02\/chrono-scaled.png 2080w, https:\/\/www.alex.creation-site-divi.fr\/wp-content\/uploads\/2026\/02\/chrono-244x300.png 244w, https:\/\/www.alex.creation-site-divi.fr\/wp-content\/uploads\/2026\/02\/chrono-832x1024.png 832w, https:\/\/www.alex.creation-site-divi.fr\/wp-content\/uploads\/2026\/02\/chrono-768x945.png 768w, https:\/\/www.alex.creation-site-divi.fr\/wp-content\/uploads\/2026\/02\/chrono-1248x1536.png 1248w, https:\/\/www.alex.creation-site-divi.fr\/wp-content\/uploads\/2026\/02\/chrono-1664x2048.png 1664w\" sizes=\"(max-width: 2080px) 100vw, 2080px\" \/><\/figure><div class=\"elementor-image-box-content\"><h3 class=\"elementor-image-box-title\">hiit<\/h3><p class=\"elementor-image-box-description\">Des intervalles alternant travail et r\u00e9cup\u00e9ration qui propulseront tout le corps \u00e0 la vitesse sup\u00e9rieure. Laissez tout sur le sol (ou dans un sac) et sortez du cours en champion.<\/p><\/div><\/div>\t\t\t\t<\/div>\n\t\t\t\t<div class=\"elementor-element elementor-element-d2e23c8 elementor-position-top elementor-widget elementor-widget-image-box\" data-id=\"d2e23c8\" data-element_type=\"widget\" data-e-type=\"widget\" data-widget_type=\"image-box.default\">\n\t\t\t\t\t<div class=\"elementor-image-box-wrapper\"><figure class=\"elementor-image-box-img\"><img loading=\"lazy\" decoding=\"async\" width=\"2560\" height=\"2524\" src=\"https:\/\/www.alex.creation-site-divi.fr\/wp-content\/uploads\/2026\/02\/metabolisme-scaled.png\" class=\"attachment-full size-full wp-image-1031\" alt=\"\" srcset=\"https:\/\/www.alex.creation-site-divi.fr\/wp-content\/uploads\/2026\/02\/metabolisme-scaled.png 2560w, https:\/\/www.alex.creation-site-divi.fr\/wp-content\/uploads\/2026\/02\/metabolisme-300x296.png 300w\" sizes=\"(max-width: 2560px) 100vw, 2560px\" \/><\/figure><div class=\"elementor-image-box-content\"><h3 class=\"elementor-image-box-title\">M\u00c9TABOLISME<\/h3><p class=\"elementor-image-box-description\">Le conditionnement m\u00e9tabolique est la combinaison sans fioritures de mouvements de r\u00e9sistance et de cardio emball\u00e9s dans des rafales de frappes rapides. Cela vous mettra, vous et votre m\u00e9tabolisme, au travail.<\/p><\/div><\/div>\t\t\t\t<\/div>\n\t\t\t\t<div class=\"elementor-element elementor-element-36a3acc elementor-position-top elementor-widget elementor-widget-image-box\" data-id=\"36a3acc\" data-element_type=\"widget\" data-e-type=\"widget\" data-widget_type=\"image-box.default\">\n\t\t\t\t\t<div class=\"elementor-image-box-wrapper\"><figure class=\"elementor-image-box-img\"><img loading=\"lazy\" decoding=\"async\" width=\"2560\" height=\"1209\" src=\"https:\/\/www.alex.creation-site-divi.fr\/wp-content\/uploads\/2026\/02\/haltere-scaled.png\" class=\"attachment-full size-full wp-image-1030\" alt=\"\" srcset=\"https:\/\/www.alex.creation-site-divi.fr\/wp-content\/uploads\/2026\/02\/haltere-scaled.png 2560w, https:\/\/www.alex.creation-site-divi.fr\/wp-content\/uploads\/2026\/02\/haltere-300x142.png 300w, https:\/\/www.alex.creation-site-divi.fr\/wp-content\/uploads\/2026\/02\/haltere-1024x483.png 1024w, https:\/\/www.alex.creation-site-divi.fr\/wp-content\/uploads\/2026\/02\/haltere-768x363.png 768w, https:\/\/www.alex.creation-site-divi.fr\/wp-content\/uploads\/2026\/02\/haltere-1536x725.png 1536w, https:\/\/www.alex.creation-site-divi.fr\/wp-content\/uploads\/2026\/02\/haltere-2048x967.png 2048w\" sizes=\"(max-width: 2560px) 100vw, 2560px\" \/><\/figure><div class=\"elementor-image-box-content\"><h3 class=\"elementor-image-box-title\">FORCE<\/h3><p class=\"elementor-image-box-description\">Combinez les circuits full body de force au poids de corps ou avec halt\u00e8res l\u00e9g\u00e8res, moyenne ou lourdes sur votre banc; pour d\u00e9fier vos muscles.<\/p><\/div><\/div>\t\t\t\t<\/div>\n\t\t\t\t<\/div>\n\t\t\t\t<\/div>\n\t\t\t\t\t<\/div>\n\t\t\t\t<\/div>\n\t\t<div class=\"elementor-element elementor-element-3533136 e-flex e-con-boxed e-con e-parent\" data-id=\"3533136\" data-element_type=\"container\" data-e-type=\"container\">\n\t\t\t\t\t<div class=\"e-con-inner\">\n\t\t\t\t<div class=\"elementor-element elementor-element-2ae578d elementor-widget-divider--view-line elementor-widget elementor-widget-divider\" data-id=\"2ae578d\" data-element_type=\"widget\" data-e-type=\"widget\" data-widget_type=\"divider.default\">\n\t\t\t\t\t\t\t<div class=\"elementor-divider\">\n\t\t\t<span class=\"elementor-divider-separator\">\n\t\t\t\t\t\t<\/span>\n\t\t<\/div>\n\t\t\t\t\t\t<\/div>\n\t\t\t\t<div class=\"elementor-element elementor-element-8202337 elementor-widget elementor-widget-text-editor\" data-id=\"8202337\" data-element_type=\"widget\" data-e-type=\"widget\" data-widget_type=\"text-editor.default\">\n\t\t\t\t\t\t\t\t\t<h3 class=\"text-center\">Pr\u00eat \u00e0 essayer Athletx Boxing \u00e0 Neuilly-sur-Seine ?<\/h3><div class=\"row no-gutters\"><div class=\"col-12 col-sm-6 col-md-3 workout-detail-pros\">\u00a0<\/div><\/div>\t\t\t\t\t\t\t\t<\/div>\n\t\t\t\t<div class=\"elementor-element elementor-element-8cb3ab5 elementor-widget elementor-widget-image\" data-id=\"8cb3ab5\" data-element_type=\"widget\" data-e-type=\"widget\" data-widget_type=\"image.default\">\n\t\t\t\t\t\t\t\t\t\t\t\t\t\t\t<img loading=\"lazy\" decoding=\"async\" width=\"24\" height=\"46\" src=\"https:\/\/www.alex.creation-site-divi.fr\/wp-content\/uploads\/2026\/02\/animated-arrow.gif\" class=\"attachment-large size-large wp-image-1045\" alt=\"\" \/>\t\t\t\t\t\t\t\t\t\t\t\t\t\t\t<\/div>\n\t\t\t\t<div class=\"elementor-element elementor-element-fcb13e0 elementor-align-center elementor-widget elementor-widget-button\" data-id=\"fcb13e0\" data-element_type=\"widget\" data-e-type=\"widget\" data-widget_type=\"button.default\">\n\t\t\t\t\t\t\t\t\t\t<a class=\"elementor-button elementor-button-link elementor-size-sm\" href=\"#\">\n\t\t\t\t\t\t<span class=\"elementor-button-content-wrapper\">\n\t\t\t\t\t\t\t\t\t<span class=\"elementor-button-text\">R\u00c9SERVEZ VOTRE SAC<\/span>\n\t\t\t\t\t<\/span>\n\t\t\t\t\t<\/a>\n\t\t\t\t\t\t\t\t<\/div>\n\t\t\t\t\t<\/div>\n\t\t\t\t<\/div>\n\t\t\t\t<\/div>\n\t\t","protected":false},"excerpt":{"rendered":"<p>BOXING L&rsquo;entrainement qui cogneREJOIGNEZ L\u2019AGITATION R\u00c9SERVEZ VOTRE SAC LE WORKOUT QUI BOUGE 50% BOXE \ud83e\udd4a\u00a0X\u00a050%BOOTCAMP Le combat de 10 rounds et 45 minutes est \u00e9galement r\u00e9parti entre deux styles d&rsquo;entra\u00eenement.La moiti\u00e9 du cours est consacr\u00e9e \u00e0 l&rsquo;exploration de combos simples \u00e0 ex\u00e9cuter \u00e0 partir des 6 coups les plus classiques de la BOXE appris avant, [&hellip;]<\/p>\n","protected":false},"author":1,"featured_media":0,"parent":0,"menu_order":0,"comment_status":"closed","ping_status":"closed","template":"","meta":{"footnotes":""},"class_list":["post-1006","page","type-page","status-publish","hentry"],"_links":{"self":[{"href":"https:\/\/www.alex.creation-site-divi.fr\/index.php\/wp-json\/wp\/v2\/pages\/1006","targetHints":{"allow":["GET"]}}],"collection":[{"href":"https:\/\/www.alex.creation-site-divi.fr\/index.php\/wp-json\/wp\/v2\/pages"}],"about":[{"href":"https:\/\/www.alex.creation-site-divi.fr\/index.php\/wp-json\/wp\/v2\/types\/page"}],"author":[{"embeddable":true,"href":"https:\/\/www.alex.creation-site-divi.fr\/index.php\/wp-json\/wp\/v2\/users\/1"}],"replies":[{"embeddable":true,"href":"https:\/\/www.alex.creation-site-divi.fr\/index.php\/wp-json\/wp\/v2\/comments?post=1006"}],"version-history":[{"count":55,"href":"https:\/\/www.alex.creation-site-divi.fr\/index.php\/wp-json\/wp\/v2\/pages\/1006\/revisions"}],"predecessor-version":[{"id":1069,"href":"https:\/\/www.alex.creation-site-divi.fr\/index.php\/wp-json\/wp\/v2\/pages\/1006\/revisions\/1069"}],"wp:attachment":[{"href":"https:\/\/www.alex.creation-site-divi.fr\/index.php\/wp-json\/wp\/v2\/media?parent=1006"}],"curies":[{"name":"wp","href":"https:\/\/api.w.org\/{rel}","templated":true}]}}