{"id":1461,"date":"2026-02-19T19:07:20","date_gmt":"2026-02-19T19:07:20","guid":{"rendered":"https:\/\/www.alex.creation-site-divi.fr\/?page_id=1461"},"modified":"2026-02-19T19:59:23","modified_gmt":"2026-02-19T19:59:23","slug":"lift-athletx","status":"publish","type":"page","link":"https:\/\/www.alex.creation-site-divi.fr\/index.php\/lift-athletx\/","title":{"rendered":"LIFT ATHLETX"},"content":{"rendered":"\t\t<div data-elementor-type=\"wp-page\" data-elementor-id=\"1461\" class=\"elementor elementor-1461\" data-elementor-post-type=\"page\">\n\t\t\t\t<div class=\"elementor-element elementor-element-02bdaf5 e-flex e-con-boxed e-con e-parent\" data-id=\"02bdaf5\" data-element_type=\"container\" data-e-type=\"container\" data-settings=\"{&quot;background_background&quot;:&quot;classic&quot;}\">\n\t\t\t\t\t<div class=\"e-con-inner\">\n\t\t\t\t<div class=\"elementor-element elementor-element-e4bf62b elementor-widget elementor-widget-text-editor\" data-id=\"e4bf62b\" data-element_type=\"widget\" data-e-type=\"widget\" data-widget_type=\"text-editor.default\">\n\t\t\t\t\t\t\t\t\t<div id=\"comp-l8mw1nr6\" class=\"MMl86N zQ9jDz qvSjx3 Vq6kJx comp-l8mw1nr6 wixui-rich-text\" data-testid=\"richTextElement\"><h1 class=\"font_0 wixui-rich-text__text\"><span class=\"wixui-rich-text__text\" style=\"color: #ffffff;\">Maquillage permanent<\/span><\/h1><\/div><div id=\"comp-l8mw1nra1\" class=\"MMl86N zQ9jDz qvSjx3 Vq6kJx comp-l8mw1nra1 wixui-rich-text\" data-testid=\"richTextElement\"><div id=\"comp-l8mw1nra1\" class=\"MMl86N zQ9jDz qvSjx3 Vq6kJx comp-l8mw1nra1 wixui-rich-text\" data-testid=\"richTextElement\"><p class=\"font_7 wixui-rich-text__text\"><span style=\"color: #ffffff;\">Prestations de dermopigmentation et tarifs en d\u00e9taill\u00e9s du studio (Neuilly-sur-Seine)<\/span><\/p><\/div><div id=\"comp-l8mvdhrp\" class=\"MMl86N zQ9jDz qvSjx3 Vq6kJx comp-l8mvdhrp wixui-rich-text\" data-testid=\"richTextElement\">\u00a0<\/div><\/div>\t\t\t\t\t\t\t\t<\/div>\n\t\t\t\t<div class=\"elementor-element elementor-element-d5dfdc2 elementor-align-center elementor-widget elementor-widget-button\" data-id=\"d5dfdc2\" data-element_type=\"widget\" data-e-type=\"widget\" data-widget_type=\"button.default\">\n\t\t\t\t\t\t\t\t\t\t<a class=\"elementor-button elementor-button-link elementor-size-sm\" href=\"#\">\n\t\t\t\t\t\t<span class=\"elementor-button-content-wrapper\">\n\t\t\t\t\t\t\t\t\t<span class=\"elementor-button-text\">R\u00c9SERVEZ VOS R\u00c9SULTATS<\/span>\n\t\t\t\t\t<\/span>\n\t\t\t\t\t<\/a>\n\t\t\t\t\t\t\t\t<\/div>\n\t\t\t\t\t<\/div>\n\t\t\t\t<\/div>\n\t\t<div class=\"elementor-element elementor-element-903465f e-flex e-con-boxed e-con e-parent\" data-id=\"903465f\" data-element_type=\"container\" data-e-type=\"container\">\n\t\t\t\t\t<div class=\"e-con-inner\">\n\t\t<div class=\"elementor-element elementor-element-1f80bcc e-con-full e-flex e-con e-child\" data-id=\"1f80bcc\" data-element_type=\"container\" data-e-type=\"container\">\n\t\t\t\t<div class=\"elementor-element elementor-element-fb139a5 elementor-widget elementor-widget-text-editor\" data-id=\"fb139a5\" data-element_type=\"widget\" data-e-type=\"widget\" data-widget_type=\"text-editor.default\">\n\t\t\t\t\t\t\t\t\t<div class=\"container-fluid header-container px-sm-5 px-3\"><div class=\"row no-gutters row-gap-2\"><div class=\"col-12\"><div class=\"offer-title-container\"><div class=\"offer-title-container\"><h2 class=\"contact-form-h2 text-left special-sup\">Qu&rsquo;est-ce que le LIFT ATHLETX ? \ud83c\udfcb<\/h2><\/div><p class=\"contact-form-p text-left\">Un programme d\u2019entra\u00eenement adapt\u00e9 aux femmes comme aux hommes avec de multiples objectifs.<\/p><p class=\"contact-form-p text-left\">Id\u00e9al pour sculpter tous les muscles du corps, am\u00e9liorer sa force, sa puissance et son endurance musculaire, le LIFT\u00a0ATHLETX est un cours exclusif visant un renforcement musculaire complet.<\/p><p class=\"contact-form-p text-left\">L\u2019entra\u00eenement alterne des s\u00e9quences d\u2019efforts sur le bas et le\u00a0haut du corps avec un objectif clair : vous permettre d\u2019acqu\u00e9rir un physique athl\u00e9tique et harmonieux.<\/p><p class=\"contact-form-p text-left\">Les exercices sont r\u00e9alis\u00e9s avec charges additionnelles ( halt\u00e8res, barres, kettlebells\u2026) ou au poids du corps (pompes, tractions\u2026) \u00e0 vitesse ma\u00eetris\u00e9e, sous l\u2019oeil attentif de nos masters coachs pour un travail efficace, s\u00e9curitaire, et vous\u00a0\u00a0permettant d\u2019obtenir des r\u00e9sultats visibles de l\u2019ext\u00e9rieur et ressentis de l\u2019int\u00e9rieur.<\/p><\/div><\/div><\/div><\/div>\t\t\t\t\t\t\t\t<\/div>\n\t\t\t\t<\/div>\n\t\t\t\t\t<\/div>\n\t\t\t\t<\/div>\n\t\t<div class=\"elementor-element elementor-element-2e183ea e-con-full e-flex e-con e-parent\" data-id=\"2e183ea\" data-element_type=\"container\" data-e-type=\"container\">\n\t\t<div class=\"elementor-element elementor-element-282361d e-con-full e-flex e-con e-child\" data-id=\"282361d\" data-element_type=\"container\" data-e-type=\"container\">\n\t\t\t\t<div class=\"elementor-element elementor-element-5f336ab elementor-widget-divider--view-line elementor-widget elementor-widget-divider\" data-id=\"5f336ab\" data-element_type=\"widget\" data-e-type=\"widget\" data-widget_type=\"divider.default\">\n\t\t\t\t\t\t\t<div class=\"elementor-divider\">\n\t\t\t<span class=\"elementor-divider-separator\">\n\t\t\t\t\t\t<\/span>\n\t\t<\/div>\n\t\t\t\t\t\t<\/div>\n\t\t\t\t<div class=\"elementor-element elementor-element-e5c9562 elementor-widget elementor-widget-text-editor\" data-id=\"e5c9562\" data-element_type=\"widget\" data-e-type=\"widget\" data-widget_type=\"text-editor.default\">\n\t\t\t\t\t\t\t\t\t<h3>LES NOMBREUX BIENFAITS DU COURS<\/h3>\t\t\t\t\t\t\t\t<\/div>\n\t\t\t\t<div class=\"elementor-element elementor-element-b672387 elementor-position-left elementor-vertical-align-middle elementor-widget elementor-widget-image-box\" data-id=\"b672387\" data-element_type=\"widget\" data-e-type=\"widget\" data-widget_type=\"image-box.default\">\n\t\t\t\t\t<div class=\"elementor-image-box-wrapper\"><figure class=\"elementor-image-box-img\"><img fetchpriority=\"high\" decoding=\"async\" width=\"706\" height=\"647\" src=\"https:\/\/www.alex.creation-site-divi.fr\/wp-content\/uploads\/2026\/02\/logo-md-x.png\" class=\"attachment-full size-full wp-image-273\" alt=\"\" srcset=\"https:\/\/www.alex.creation-site-divi.fr\/wp-content\/uploads\/2026\/02\/logo-md-x.png 706w, https:\/\/www.alex.creation-site-divi.fr\/wp-content\/uploads\/2026\/02\/logo-md-x-300x275.png 300w\" sizes=\"(max-width: 706px) 100vw, 706px\" \/><\/figure><div class=\"elementor-image-box-content\"><p class=\"elementor-image-box-description\">Mieux appr\u00e9hender les exercices avec charge libre pour d\u00e9velopper sa technique<\/p><\/div><\/div>\t\t\t\t<\/div>\n\t\t\t\t<div class=\"elementor-element elementor-element-baf6ffd elementor-position-left elementor-vertical-align-middle elementor-widget elementor-widget-image-box\" data-id=\"baf6ffd\" data-element_type=\"widget\" data-e-type=\"widget\" data-widget_type=\"image-box.default\">\n\t\t\t\t\t<div class=\"elementor-image-box-wrapper\"><figure class=\"elementor-image-box-img\"><img fetchpriority=\"high\" decoding=\"async\" width=\"706\" height=\"647\" src=\"https:\/\/www.alex.creation-site-divi.fr\/wp-content\/uploads\/2026\/02\/logo-md-x.png\" class=\"attachment-full size-full wp-image-273\" alt=\"\" srcset=\"https:\/\/www.alex.creation-site-divi.fr\/wp-content\/uploads\/2026\/02\/logo-md-x.png 706w, https:\/\/www.alex.creation-site-divi.fr\/wp-content\/uploads\/2026\/02\/logo-md-x-300x275.png 300w\" sizes=\"(max-width: 706px) 100vw, 706px\" \/><\/figure><div class=\"elementor-image-box-content\"><p class=\"elementor-image-box-description\">Renforcer musculairement l'ensemble de son corps<\/p><\/div><\/div>\t\t\t\t<\/div>\n\t\t\t\t<div class=\"elementor-element elementor-element-4e3efa6 elementor-position-left elementor-vertical-align-middle elementor-widget elementor-widget-image-box\" data-id=\"4e3efa6\" data-element_type=\"widget\" data-e-type=\"widget\" data-widget_type=\"image-box.default\">\n\t\t\t\t\t<div class=\"elementor-image-box-wrapper\"><figure class=\"elementor-image-box-img\"><img fetchpriority=\"high\" decoding=\"async\" width=\"706\" height=\"647\" src=\"https:\/\/www.alex.creation-site-divi.fr\/wp-content\/uploads\/2026\/02\/logo-md-x.png\" class=\"attachment-full size-full wp-image-273\" alt=\"\" srcset=\"https:\/\/www.alex.creation-site-divi.fr\/wp-content\/uploads\/2026\/02\/logo-md-x.png 706w, https:\/\/www.alex.creation-site-divi.fr\/wp-content\/uploads\/2026\/02\/logo-md-x-300x275.png 300w\" sizes=\"(max-width: 706px) 100vw, 706px\" \/><\/figure><div class=\"elementor-image-box-content\"><p class=\"elementor-image-box-description\">Optimiser ses gains de force et de masse musculaire.<\/p><\/div><\/div>\t\t\t\t<\/div>\n\t\t\t\t<div class=\"elementor-element elementor-element-0515f1d elementor-position-left elementor-vertical-align-middle elementor-widget elementor-widget-image-box\" data-id=\"0515f1d\" data-element_type=\"widget\" data-e-type=\"widget\" data-widget_type=\"image-box.default\">\n\t\t\t\t\t<div class=\"elementor-image-box-wrapper\"><figure class=\"elementor-image-box-img\"><img fetchpriority=\"high\" decoding=\"async\" width=\"706\" height=\"647\" src=\"https:\/\/www.alex.creation-site-divi.fr\/wp-content\/uploads\/2026\/02\/logo-md-x.png\" class=\"attachment-full size-full wp-image-273\" alt=\"\" srcset=\"https:\/\/www.alex.creation-site-divi.fr\/wp-content\/uploads\/2026\/02\/logo-md-x.png 706w, https:\/\/www.alex.creation-site-divi.fr\/wp-content\/uploads\/2026\/02\/logo-md-x-300x275.png 300w\" sizes=\"(max-width: 706px) 100vw, 706px\" \/><\/figure><div class=\"elementor-image-box-content\"><p class=\"elementor-image-box-description\">Acc\u00e9l\u00e9rer son m\u00e9tabolisme<\/p><\/div><\/div>\t\t\t\t<\/div>\n\t\t\t\t<div class=\"elementor-element elementor-element-b3e4661 elementor-position-left elementor-vertical-align-middle elementor-widget elementor-widget-image-box\" data-id=\"b3e4661\" data-element_type=\"widget\" data-e-type=\"widget\" data-widget_type=\"image-box.default\">\n\t\t\t\t\t<div class=\"elementor-image-box-wrapper\"><figure class=\"elementor-image-box-img\"><img fetchpriority=\"high\" decoding=\"async\" width=\"706\" height=\"647\" src=\"https:\/\/www.alex.creation-site-divi.fr\/wp-content\/uploads\/2026\/02\/logo-md-x.png\" class=\"attachment-full size-full wp-image-273\" alt=\"\" srcset=\"https:\/\/www.alex.creation-site-divi.fr\/wp-content\/uploads\/2026\/02\/logo-md-x.png 706w, https:\/\/www.alex.creation-site-divi.fr\/wp-content\/uploads\/2026\/02\/logo-md-x-300x275.png 300w\" sizes=\"(max-width: 706px) 100vw, 706px\" \/><\/figure><div class=\"elementor-image-box-content\"><p class=\"elementor-image-box-description\">Perdre de la masse graisseuse<\/p><\/div><\/div>\t\t\t\t<\/div>\n\t\t\t\t<div class=\"elementor-element elementor-element-0850602 elementor-position-left elementor-vertical-align-middle elementor-widget elementor-widget-image-box\" data-id=\"0850602\" data-element_type=\"widget\" data-e-type=\"widget\" data-widget_type=\"image-box.default\">\n\t\t\t\t\t<div class=\"elementor-image-box-wrapper\"><figure class=\"elementor-image-box-img\"><img fetchpriority=\"high\" decoding=\"async\" width=\"706\" height=\"647\" src=\"https:\/\/www.alex.creation-site-divi.fr\/wp-content\/uploads\/2026\/02\/logo-md-x.png\" class=\"attachment-full size-full wp-image-273\" alt=\"\" srcset=\"https:\/\/www.alex.creation-site-divi.fr\/wp-content\/uploads\/2026\/02\/logo-md-x.png 706w, https:\/\/www.alex.creation-site-divi.fr\/wp-content\/uploads\/2026\/02\/logo-md-x-300x275.png 300w\" sizes=\"(max-width: 706px) 100vw, 706px\" \/><\/figure><div class=\"elementor-image-box-content\"><p class=\"elementor-image-box-description\">Renforcer les os, tendons et articulations<\/p><\/div><\/div>\t\t\t\t<\/div>\n\t\t\t\t<div class=\"elementor-element elementor-element-29d3244 elementor-position-left elementor-vertical-align-middle elementor-widget elementor-widget-image-box\" data-id=\"29d3244\" data-element_type=\"widget\" data-e-type=\"widget\" data-widget_type=\"image-box.default\">\n\t\t\t\t\t<div class=\"elementor-image-box-wrapper\"><figure class=\"elementor-image-box-img\"><img fetchpriority=\"high\" decoding=\"async\" width=\"706\" height=\"647\" src=\"https:\/\/www.alex.creation-site-divi.fr\/wp-content\/uploads\/2026\/02\/logo-md-x.png\" class=\"attachment-full size-full wp-image-273\" alt=\"\" srcset=\"https:\/\/www.alex.creation-site-divi.fr\/wp-content\/uploads\/2026\/02\/logo-md-x.png 706w, https:\/\/www.alex.creation-site-divi.fr\/wp-content\/uploads\/2026\/02\/logo-md-x-300x275.png 300w\" sizes=\"(max-width: 706px) 100vw, 706px\" \/><\/figure><div class=\"elementor-image-box-content\"><p class=\"elementor-image-box-description\">Diminuer les risques de blessure<\/p><\/div><\/div>\t\t\t\t<\/div>\n\t\t\t\t<\/div>\n\t\t<div class=\"elementor-element elementor-element-e381fcb e-con-full e-flex e-con e-child\" data-id=\"e381fcb\" data-element_type=\"container\" data-e-type=\"container\" data-settings=\"{&quot;background_background&quot;:&quot;classic&quot;}\">\n\t\t\t\t<\/div>\n\t\t\t\t<\/div>\n\t\t<div class=\"elementor-element elementor-element-c3fa1e0 e-con-full e-flex e-con e-parent\" data-id=\"c3fa1e0\" data-element_type=\"container\" data-e-type=\"container\">\n\t\t<div class=\"elementor-element elementor-element-8912a59 e-con-full e-flex e-con e-child\" data-id=\"8912a59\" data-element_type=\"container\" data-e-type=\"container\" data-settings=\"{&quot;background_background&quot;:&quot;classic&quot;}\">\n\t\t\t\t<\/div>\n\t\t<div class=\"elementor-element elementor-element-dc6e3c2 e-con-full e-flex e-con e-child\" data-id=\"dc6e3c2\" data-element_type=\"container\" data-e-type=\"container\">\n\t\t\t\t<div class=\"elementor-element elementor-element-062d97a elementor-widget-divider--view-line elementor-widget elementor-widget-divider\" data-id=\"062d97a\" data-element_type=\"widget\" data-e-type=\"widget\" data-widget_type=\"divider.default\">\n\t\t\t\t\t\t\t<div class=\"elementor-divider\">\n\t\t\t<span class=\"elementor-divider-separator\">\n\t\t\t\t\t\t<\/span>\n\t\t<\/div>\n\t\t\t\t\t\t<\/div>\n\t\t\t\t<div class=\"elementor-element elementor-element-14b5e21 elementor-widget elementor-widget-text-editor\" data-id=\"14b5e21\" data-element_type=\"widget\" data-e-type=\"widget\" data-widget_type=\"text-editor.default\">\n\t\t\t\t\t\t\t\t\t<h3>D\u00c9ROUL\u00c9 DU COURS<\/h3><p class=\"contact-form-p\">Une s\u00e9ance dure g\u00e9n\u00e9ralement une heure, et se divise en 3 parties.<\/p><p class=\"contact-form-p\"><strong>1. L&rsquo;\u00e9chauffement<\/strong><\/p><p class=\"contact-form-p\">Il permet d&rsquo;augmenter le rythme cardiaque et de pr\u00e9parer articulations et muscles aux exercices \u00e0 venir.<\/p><p class=\"contact-form-p\"><strong>2. Le corps de s\u00e9ance<\/strong><\/p><p class=\"contact-form-p\">Votre coach va vous expliquer les diff\u00e9rents ateliers qui vous attendent. Apr\u00e8s avoir pr\u00e9par\u00e9\u00a0votre mat\u00e9riel, vous commencerez \u00e0 vous entra\u00eener. Au programme : une r\u00e9p\u00e9tition d\u2019efforts musculaires intenses avec de courts instants de r\u00e9cup\u00e9ration !<\/p><p class=\"contact-form-p\"><strong>3. Le retour au calme<\/strong><\/p><p class=\"contact-form-p\">Les fibres musculaires, les tendons et les ligaments seront soumis \u00e0 rude \u00e9preuve : il sera primordial de r\u00e9aliser un retour au calme pertinent afin de d\u00e9lier vos muscles et vos articulations, tout en mettant votre esprit au repos. Cette phase permet \u00e9galement au corps de rel\u00e2cher encore un peu d&rsquo;endorphines, histoire de faire durer le plaisir jusqu&rsquo;au bout.<\/p>\t\t\t\t\t\t\t\t<\/div>\n\t\t\t\t<\/div>\n\t\t\t\t<\/div>\n\t\t<div class=\"elementor-element elementor-element-e0f435a e-con-full e-flex e-con e-parent\" data-id=\"e0f435a\" data-element_type=\"container\" data-e-type=\"container\">\n\t\t<div class=\"elementor-element elementor-element-05a5aa8 e-con-full e-flex e-con e-child\" data-id=\"05a5aa8\" data-element_type=\"container\" data-e-type=\"container\">\n\t\t\t\t<div class=\"elementor-element elementor-element-230f19f elementor-widget-divider--view-line elementor-widget elementor-widget-divider\" data-id=\"230f19f\" data-element_type=\"widget\" data-e-type=\"widget\" data-widget_type=\"divider.default\">\n\t\t\t\t\t\t\t<div class=\"elementor-divider\">\n\t\t\t<span class=\"elementor-divider-separator\">\n\t\t\t\t\t\t<\/span>\n\t\t<\/div>\n\t\t\t\t\t\t<\/div>\n\t\t\t\t<div class=\"elementor-element elementor-element-4294cf2 elementor-widget elementor-widget-text-editor\" data-id=\"4294cf2\" data-element_type=\"widget\" data-e-type=\"widget\" data-widget_type=\"text-editor.default\">\n\t\t\t\t\t\t\t\t\t<h3>PROGRAMMATION LIFT ATHLETX<\/h3><p class=\"contact-form-p text-center\">Bien plus qu&rsquo;une simple programmation de renforcement musculaire, nous avons cr\u00e9\u00e9 une solution semi-personnalis\u00e9e pour les athl\u00e8tes de tous niveaux.<\/p><p class=\"contact-form-p text-center\">Notre objectif est de vous aider \u00e0 am\u00e9liorer votre force, votre endurance, votre puissance gr\u00e2ce \u00e0 des cycles d&rsquo;\u00e9volution de 4 \u00e0 6 semaines.<\/p><h3 class=\"contact-form-p text-center\">PLAN D&rsquo;ENTRA\u00ceNEMENT SEMI-PERSONNALIS\u00c9<\/h3><p class=\"contact-form-p text-center\">Votre coach travaillera avec vous pour cr\u00e9er un plan d&rsquo;entra\u00eenement adapt\u00e9 \u00e0 votre niveau de forme physique et \u00e0 toutes limitations ou blessures que vous pourriez avoir.\u00a0Vous allez progresser \u00e0 votre rythme !<\/p>\t\t\t\t\t\t\t\t<\/div>\n\t\t\t\t<\/div>\n\t\t<div class=\"elementor-element elementor-element-5c30c88 e-con-full e-flex e-con e-child\" data-id=\"5c30c88\" data-element_type=\"container\" data-e-type=\"container\" data-settings=\"{&quot;background_background&quot;:&quot;classic&quot;}\">\n\t\t\t\t<\/div>\n\t\t\t\t<\/div>\n\t\t<div class=\"elementor-element elementor-element-e407544 e-con-full e-flex e-con e-parent\" data-id=\"e407544\" data-element_type=\"container\" data-e-type=\"container\">\n\t\t<div class=\"elementor-element elementor-element-0c04159 e-con-full e-flex e-con e-child\" data-id=\"0c04159\" data-element_type=\"container\" data-e-type=\"container\" data-settings=\"{&quot;background_background&quot;:&quot;classic&quot;}\">\n\t\t\t\t<\/div>\n\t\t<div class=\"elementor-element elementor-element-38e27b9 e-con-full e-flex e-con e-child\" data-id=\"38e27b9\" data-element_type=\"container\" data-e-type=\"container\">\n\t\t\t\t<div class=\"elementor-element elementor-element-65b3b08 elementor-widget-divider--view-line elementor-widget elementor-widget-divider\" data-id=\"65b3b08\" data-element_type=\"widget\" data-e-type=\"widget\" data-widget_type=\"divider.default\">\n\t\t\t\t\t\t\t<div class=\"elementor-divider\">\n\t\t\t<span class=\"elementor-divider-separator\">\n\t\t\t\t\t\t<\/span>\n\t\t<\/div>\n\t\t\t\t\t\t<\/div>\n\t\t\t\t<div class=\"elementor-element elementor-element-de5fced elementor-widget elementor-widget-text-editor\" data-id=\"de5fced\" data-element_type=\"widget\" data-e-type=\"widget\" data-widget_type=\"text-editor.default\">\n\t\t\t\t\t\t\t\t\t<h3>VOTRE SOURIRE<\/h3>\t\t\t\t\t\t\t\t<\/div>\n\t\t\t\t<div class=\"elementor-element elementor-element-d6df49b elementor-widget elementor-widget-text-editor\" data-id=\"d6df49b\" data-element_type=\"widget\" data-e-type=\"widget\" data-widget_type=\"text-editor.default\">\n\t\t\t\t\t\t\t\t\t<p class=\"font_8 wixui-rich-text__text\"><span class=\"wixui-rich-text__text\">Contour\u00a0<\/span>\u2014<span class=\"wixui-rich-text__text\">\u00a0<\/span><span class=\"wixui-rich-text__text\">200 \u20ac<\/span><\/p><p class=\"font_8 wixui-rich-text__text\">Mieux d\u00e9finir vos l\u00e8vres en les soulignant gr\u00e2ce a un contour naturel.<\/p><p class=\"font_8 wixui-rich-text__text\"><span class=\"wixui-rich-text__text\">Full lips\u00a0<\/span>\u2014<span class=\"wixui-rich-text__text\">\u00a0<\/span><span class=\"wixui-rich-text__text\">350 \u20ac<\/span><\/p><p class=\"font_8 wixui-rich-text__text\">La prestation est faite sur mesure pour souligner parfaitement vos l\u00e8vres, mettre le volume naturel en valeur gr\u00e2ce \u00e0 un d\u00e9grad\u00e9 de couleur, rehausser la couleur ou votre contour, apporter un effet maquill\u00e9 ou de l\u2019\u00e9clat. Une bouche naturelle, glamour ou encore sophistiqu\u00e9e nous choisissons ensemble la technique qui vous convient le mieux.<span class=\"wixui-rich-text__text\">Dark Lips\u00a0<\/span>\u2014<span class=\"wixui-rich-text__text\">\u00a02 s\u00e9ances pour\u00a0400 \u20ac<\/span><br class=\"wixui-rich-text__text\" \/>Technique adapt\u00e9e pour apporter de l\u2019\u00e9clat, \u00e9claircir des l\u00e8vres ternes, tach\u00e9es ou hyperpigment\u00e9es \u00e0 cause du soleil ou du tabac, obtenez un v\u00e9ritable effet \u00ab nude \u00bb.<\/p>\t\t\t\t\t\t\t\t<\/div>\n\t\t\t\t<\/div>\n\t\t\t\t<\/div>\n\t\t<div class=\"elementor-element elementor-element-e032a36 e-con-full e-flex e-con e-parent\" data-id=\"e032a36\" data-element_type=\"container\" data-e-type=\"container\">\n\t\t<div class=\"elementor-element elementor-element-aed3811 e-con-full e-flex e-con e-child\" data-id=\"aed3811\" data-element_type=\"container\" data-e-type=\"container\">\n\t\t\t\t<div class=\"elementor-element elementor-element-fbf2a15 elementor-widget-divider--view-line elementor-widget elementor-widget-divider\" data-id=\"fbf2a15\" data-element_type=\"widget\" data-e-type=\"widget\" data-widget_type=\"divider.default\">\n\t\t\t\t\t\t\t<div class=\"elementor-divider\">\n\t\t\t<span class=\"elementor-divider-separator\">\n\t\t\t\t\t\t<\/span>\n\t\t<\/div>\n\t\t\t\t\t\t<\/div>\n\t\t\t\t<div class=\"elementor-element elementor-element-a8e6551 elementor-widget elementor-widget-text-editor\" data-id=\"a8e6551\" data-element_type=\"widget\" data-e-type=\"widget\" data-widget_type=\"text-editor.default\">\n\t\t\t\t\t\t\t\t\t<h3>VOTRE SOURIRE<\/h3>\t\t\t\t\t\t\t\t<\/div>\n\t\t\t\t<div class=\"elementor-element elementor-element-34a1da3 elementor-widget elementor-widget-text-editor\" data-id=\"34a1da3\" data-element_type=\"widget\" data-e-type=\"widget\" data-widget_type=\"text-editor.default\">\n\t\t\t\t\t\t\t\t\t<p class=\"font_8 wixui-rich-text__text\"><span class=\"wixui-rich-text__text\">Les t\u00e2ches de rousseurs\u00a0<\/span>\u2014\u00a0<span class=\"wixui-rich-text__text\">150 \u20ac<\/span><br class=\"wixui-rich-text__text\" \/>Donnez bonne mine \u00e0 votre frimousse et un effet soleil toute l\u2019ann\u00e9e, rendu naturel en toute discr\u00e9tion.<\/p><p class=\"font_8 wixui-rich-text__text\"><span class=\"wixui-rich-text__text\">Grain de beaut\u00e9 \u00a0<\/span>\u2014<span class=\"wixui-rich-text__text\">\u00a0<\/span><span class=\"wixui-rich-text__text\">60 \u20ac<\/span><br class=\"wixui-rich-text__text\" \/>Faites les moucher avec un ou plusieurs grain de beaut\u00e9 au coin de l\u2019\u0153il, des l\u00e8vres ou encore sur votre pommette, optez pour la petite touche \u00ab so glam \u00bb.<\/p><p class=\"font_8 wixui-rich-text__text\"><span class=\"wixui-rich-text__text\">Cicatrices\u00a0<\/span>\u2014\u00a0<span class=\"wixui-rich-text__text\">Sur devis\u00a0<\/span><br class=\"wixui-rich-text__text\" \/>Camoufler, repigmenter ou corriger une cicatrice disgracieuse ces marques ne seront plus qu\u2019un lointain souvenir, nous pourrons att\u00e9nuer des d\u00e9fauts inesth\u00e9tiques en les dissimulant parfaitement gr\u00e2ce au maquillage permanent.<\/p>\t\t\t\t\t\t\t\t<\/div>\n\t\t\t\t<\/div>\n\t\t<div class=\"elementor-element elementor-element-b56e670 e-con-full e-flex e-con e-child\" data-id=\"b56e670\" data-element_type=\"container\" data-e-type=\"container\" data-settings=\"{&quot;background_background&quot;:&quot;classic&quot;}\">\n\t\t\t\t<\/div>\n\t\t\t\t<\/div>\n\t\t\t\t<\/div>\n\t\t","protected":false},"excerpt":{"rendered":"<p>Maquillage permanent Prestations de dermopigmentation et tarifs en d\u00e9taill\u00e9s du studio (Neuilly-sur-Seine) \u00a0 R\u00c9SERVEZ VOS R\u00c9SULTATS Qu&rsquo;est-ce que le LIFT ATHLETX ? \ud83c\udfcb Un programme d\u2019entra\u00eenement adapt\u00e9 aux femmes comme aux hommes avec de multiples objectifs. Id\u00e9al pour sculpter tous les muscles du corps, am\u00e9liorer sa force, sa puissance et son endurance musculaire, le LIFT\u00a0ATHLETX [&hellip;]<\/p>\n","protected":false},"author":1,"featured_media":0,"parent":0,"menu_order":0,"comment_status":"closed","ping_status":"closed","template":"","meta":{"footnotes":""},"class_list":["post-1461","page","type-page","status-publish","hentry"],"_links":{"self":[{"href":"https:\/\/www.alex.creation-site-divi.fr\/index.php\/wp-json\/wp\/v2\/pages\/1461","targetHints":{"allow":["GET"]}}],"collection":[{"href":"https:\/\/www.alex.creation-site-divi.fr\/index.php\/wp-json\/wp\/v2\/pages"}],"about":[{"href":"https:\/\/www.alex.creation-site-divi.fr\/index.php\/wp-json\/wp\/v2\/types\/page"}],"author":[{"embeddable":true,"href":"https:\/\/www.alex.creation-site-divi.fr\/index.php\/wp-json\/wp\/v2\/users\/1"}],"replies":[{"embeddable":true,"href":"https:\/\/www.alex.creation-site-divi.fr\/index.php\/wp-json\/wp\/v2\/comments?post=1461"}],"version-history":[{"count":37,"href":"https:\/\/www.alex.creation-site-divi.fr\/index.php\/wp-json\/wp\/v2\/pages\/1461\/revisions"}],"predecessor-version":[{"id":1533,"href":"https:\/\/www.alex.creation-site-divi.fr\/index.php\/wp-json\/wp\/v2\/pages\/1461\/revisions\/1533"}],"wp:attachment":[{"href":"https:\/\/www.alex.creation-site-divi.fr\/index.php\/wp-json\/wp\/v2\/media?parent=1461"}],"curies":[{"name":"wp","href":"https:\/\/api.w.org\/{rel}","templated":true}]}}