{"id":1507,"date":"2026-02-19T19:45:26","date_gmt":"2026-02-19T19:45:26","guid":{"rendered":"https:\/\/www.alex.creation-site-divi.fr\/?page_id=1507"},"modified":"2026-02-19T22:00:46","modified_gmt":"2026-02-19T22:00:46","slug":"beauty-lab","status":"publish","type":"page","link":"https:\/\/www.alex.creation-site-divi.fr\/index.php\/beauty-lab\/","title":{"rendered":"Beauty Lab"},"content":{"rendered":"\t\t<div data-elementor-type=\"wp-page\" data-elementor-id=\"1507\" class=\"elementor elementor-1507\" data-elementor-post-type=\"page\">\n\t\t\t\t<div class=\"elementor-element elementor-element-b356793 e-flex e-con-boxed e-con e-parent\" data-id=\"b356793\" data-element_type=\"container\" data-e-type=\"container\" data-settings=\"{&quot;background_background&quot;:&quot;classic&quot;}\">\n\t\t\t\t\t<div class=\"e-con-inner\">\n\t\t\t\t<div class=\"elementor-element elementor-element-4eeb179 elementor-widget elementor-widget-text-editor\" data-id=\"4eeb179\" data-element_type=\"widget\" data-e-type=\"widget\" data-widget_type=\"text-editor.default\">\n\t\t\t\t\t\t\t\t\t<div id=\"comp-l8mw1nr6\" class=\"MMl86N zQ9jDz qvSjx3 Vq6kJx comp-l8mw1nr6 wixui-rich-text\" data-testid=\"richTextElement\"><h1 class=\"font_0 wixui-rich-text__text\"><span class=\"wixui-rich-text__text\" style=\"color: #ffffff;\">Maquillage permanent<\/span><\/h1><div id=\"comp-l8mw1nra1\" class=\"MMl86N zQ9jDz qvSjx3 Vq6kJx comp-l8mw1nra1 wixui-rich-text\" data-testid=\"richTextElement\"><h2 class=\"font_7 wixui-rich-text__text\"><span style=\"color: #ffffff;\">Prestations de dermopigmentation et tarifs en d\u00e9taill\u00e9s du studio (Neuilly-sur-Seine).<\/span><\/h2><\/div><div id=\"comp-l8mvdhrp\" class=\"MMl86N zQ9jDz qvSjx3 Vq6kJx comp-l8mvdhrp wixui-rich-text\" data-testid=\"richTextElement\">\u00a0<\/div><\/div><div id=\"comp-l8mw1nra1\" class=\"MMl86N zQ9jDz qvSjx3 Vq6kJx comp-l8mw1nra1 wixui-rich-text\" data-testid=\"richTextElement\">\u00a0<\/div>\t\t\t\t\t\t\t\t<\/div>\n\t\t\t\t<div class=\"elementor-element elementor-element-848157f elementor-align-center elementor-widget elementor-widget-button\" data-id=\"848157f\" data-element_type=\"widget\" data-e-type=\"widget\" data-widget_type=\"button.default\">\n\t\t\t\t\t\t\t\t\t\t<a class=\"elementor-button elementor-button-link elementor-size-sm\" href=\"#\">\n\t\t\t\t\t\t<span class=\"elementor-button-content-wrapper\">\n\t\t\t\t\t\t\t\t\t<span class=\"elementor-button-text\">EN SAVOIR PLUS<\/span>\n\t\t\t\t\t<\/span>\n\t\t\t\t\t<\/a>\n\t\t\t\t\t\t\t\t<\/div>\n\t\t\t\t\t<\/div>\n\t\t\t\t<\/div>\n\t\t<div class=\"elementor-element elementor-element-4faa942 e-flex e-con-boxed e-con e-parent\" data-id=\"4faa942\" data-element_type=\"container\" data-e-type=\"container\">\n\t\t\t\t\t<div class=\"e-con-inner\">\n\t\t<div class=\"elementor-element elementor-element-6475707 e-con-full e-flex e-con e-child\" data-id=\"6475707\" data-element_type=\"container\" data-e-type=\"container\">\n\t\t\t\t<div class=\"elementor-element elementor-element-b4a7af4 elementor-widget elementor-widget-text-editor\" data-id=\"b4a7af4\" data-element_type=\"widget\" data-e-type=\"widget\" data-widget_type=\"text-editor.default\">\n\t\t\t\t\t\t\t\t\t<div class=\"container-fluid header-container px-sm-5 px-3\"><div class=\"row no-gutters row-gap-2\"><div class=\"col-12\"><div class=\"offer-title-container\"><div class=\"offer-title-container\"><div id=\"comp-l8iu7yhl3\" class=\"MMl86N zQ9jDz qvSjx3 Vq6kJx comp-l8iu7yhl3 wixui-rich-text\" data-testid=\"richTextElement\"><h3 class=\"font_0 wixui-rich-text__text\"><span class=\"wixui-rich-text__text\">Vous souhaitez rester belle tout au long de la journ\u00e9e avec un maquillage parfait et naturel ?<\/span><\/h3><\/div><div id=\"comp-l8iu7yhn\" class=\"MMl86N zQ9jDz qvSjx3 Vq6kJx comp-l8iu7yhn wixui-rich-text\" data-testid=\"richTextElement\"><p class=\"font_8 wixui-rich-text__text\">Que vous soyez sportive ou femme active, allergique au maquillage traditionnel, que vous ayez une vue l\u00e9g\u00e8rement d\u00e9ficiente ou des mains peu habiles pour vous maquiller vous-m\u00eame ou encore que vous souhaitiez gagner du temps, le maquillage permanent peut vous embellir en vous \u00e9pargnant ces contraintes quotidiennes.<\/p><p class=\"font_8 wixui-rich-text__text\">Sophistiqu\u00e9e ou naturelle chacune d\u2019entre nous affirmera son style et sa personnalit\u00e9 gr\u00e2ce au maquillage permanent<\/p><p class=\"font_8 wixui-rich-text__text\">Une bouche ourl\u00e9e et bien dessin\u00e9e, un regard soulign\u00e9 et intensifi\u00e9, des sourcils stylis\u00e9s, une cicatrice camoufl\u00e9 &#8230; votre beaut\u00e9 est permanente.<\/p><p class=\"font_8 wixui-rich-text__text\"><span class=\"wixui-rich-text__text\">Bon \u00e0 savoir :<\/span><\/p><p class=\"font_8 wixui-rich-text__text\">Les prestations de maquillage permanent sont r\u00e9alis\u00e9es dans les conditions aux normes d\u2019hygi\u00e8ne stricte relative \u00e0 la loi<\/p><p class=\"font_8 wixui-rich-text__text\">J\u2019essaye de toujours proposer aux clientes les derni\u00e8res techniques les plus en vogue du moment, pour cela des formations \u00e0 titre personnelle sont effectu\u00e9es tout au long de l\u2019ann\u00e9e, les fournitures utilis\u00e9es sont de haute qualit\u00e9 et respectent les normes impos\u00e9es.<\/p><p class=\"font_8 wixui-rich-text__text\">Le maquillage permanent a pour but de sublimer vos traits naturels, d\u2019embellir et souligner vos propres atouts c\u2019est pour cela que les prestations sont propos\u00e9s sur-mesure, et qu\u2019\u00e0 chaque prestation le temps n\u00e9cessaire est bloqu\u00e9 afin de pouvoir pratiquer dans les meilleures conditions possibles.<\/p><p class=\"font_8 wixui-rich-text__text\">Durant la prestation nous prendrons le temps de retracer, corriger, embellir les lignes et courbes de votre visage,<\/p><p class=\"font_8 wixui-rich-text__text\">Une fois le trac\u00e9 valid\u00e9, les couleurs et pigments sont choisis en fonction de votre carnation sont pr\u00e9par\u00e9s devant vous puis nous proc\u00e9dons \u00e0 la pigmentation, une fiche de soin vous ai ensuite transmise afin de prendre soin de votre pigmentation et de respecter les contre indications durant le temps de cicatrisation<\/p><\/div><\/div><\/div><\/div><\/div><\/div>\t\t\t\t\t\t\t\t<\/div>\n\t\t\t\t<\/div>\n\t\t\t\t\t<\/div>\n\t\t\t\t<\/div>\n\t\t<div class=\"elementor-element elementor-element-e8b7c9a e-con-full e-flex e-con e-parent\" data-id=\"e8b7c9a\" data-element_type=\"container\" data-e-type=\"container\">\n\t\t<div class=\"elementor-element elementor-element-fb3c8a3 e-con-full e-flex e-con e-child\" data-id=\"fb3c8a3\" data-element_type=\"container\" data-e-type=\"container\">\n\t\t\t\t<div class=\"elementor-element elementor-element-ea2121b elementor-widget-divider--view-line elementor-widget elementor-widget-divider\" data-id=\"ea2121b\" data-element_type=\"widget\" data-e-type=\"widget\" data-widget_type=\"divider.default\">\n\t\t\t\t\t\t\t<div class=\"elementor-divider\">\n\t\t\t<span class=\"elementor-divider-separator\">\n\t\t\t\t\t\t<\/span>\n\t\t<\/div>\n\t\t\t\t\t\t<\/div>\n\t\t\t\t<div class=\"elementor-element elementor-element-ce696fc elementor-widget elementor-widget-text-editor\" data-id=\"ce696fc\" data-element_type=\"widget\" data-e-type=\"widget\" data-widget_type=\"text-editor.default\">\n\t\t\t\t\t\t\t\t\t<h3>VOS SOURCILS<\/h3>\t\t\t\t\t\t\t\t<\/div>\n\t\t\t\t<div class=\"elementor-element elementor-element-607f8c1 elementor-widget elementor-widget-text-editor\" data-id=\"607f8c1\" data-element_type=\"widget\" data-e-type=\"widget\" data-widget_type=\"text-editor.default\">\n\t\t\t\t\t\t\t\t\t<div id=\"comp-l8iuznee__item1\" class=\"MMl86N zQ9jDz qvSjx3 Vq6kJx comp-l8iuznee__item1 wixui-rich-text\" data-testid=\"richTextElement\"><p class=\"font_8 wixui-rich-text__text\">Hairstroke, Microshading effet pixel ou encore un combo des diff\u00e9rentes techniques, nous prendrons le temps de redessiner et harmoniser la forme, de trouver la couleur qui vous convient le mieux en fonction de votre style votre personnalit\u00e9 et votre carnation. Nous l\u2019adapterons la technique en fonction de votre peau et du r\u00e9sultat souhait\u00e9.<\/p><p class=\"font_8 wixui-rich-text__text\"><span class=\"wixui-rich-text__text\">Cr\u00e9ation :<\/span><\/p><p class=\"font_8 wixui-rich-text__text\">Hairstroke \u2014\u00a0<span class=\"wixui-rich-text__text\">260 \u20ac<\/span><\/p><p class=\"font_8 wixui-rich-text__text\">Shading brows \u2014\u00a0<span class=\"wixui-rich-text__text\">260 \u20ac<\/span><\/p><p class=\"font_8 wixui-rich-text__text\"><span class=\"wixui-rich-text__text\">Reprise d&rsquo;un ancien maquillage permanent :<\/span><\/p><p class=\"font_8 wixui-rich-text__text\">Correction Color \u2014\u00a0<span class=\"wixui-rich-text__text\">280 \u20ac<\/span><\/p><p class=\"font_8 wixui-rich-text__text\">Correction Color &amp; Shape \u2014<span class=\"wixui-rich-text__text\">330 \u20ac<\/span><\/p><\/div><div id=\"comp-l8mwga4d__item1\" class=\"PiVxGu MDrwHQ comp-l8mwga4d-container comp-l8mwga4d__item1 wixui-box\" dir=\"ltr\" role=\"\"><div class=\"yPXgy9 YqUfCX inner-box wixui-box\" aria-hidden=\"true\">\u00a0<\/div><div id=\"comp-l8mwe73v__item1\" class=\"comp-l8mwe73v__item1 wixui-vector-image\"><div class=\"VDJedC l4CAhn\" data-testid=\"svgRoot-comp-l8mwe73v__item1\">\u00a0<\/div><\/div><div id=\"comp-l8iuy5xw__item1\" class=\"MMl86N zQ9jDz qvSjx3 Vq6kJx comp-l8iuy5xw__item1 wixui-rich-text\" data-testid=\"richTextElement\">\u00a0<\/div><\/div>\t\t\t\t\t\t\t\t<\/div>\n\t\t\t\t<\/div>\n\t\t<div class=\"elementor-element elementor-element-2de68fd e-con-full e-flex e-con e-child\" data-id=\"2de68fd\" data-element_type=\"container\" data-e-type=\"container\" data-settings=\"{&quot;background_background&quot;:&quot;classic&quot;}\">\n\t\t\t\t<\/div>\n\t\t\t\t<\/div>\n\t\t<div class=\"elementor-element elementor-element-b613a50 e-con-full e-flex e-con e-parent\" data-id=\"b613a50\" data-element_type=\"container\" data-e-type=\"container\">\n\t\t<div class=\"elementor-element elementor-element-c72051b e-con-full e-flex e-con e-child\" data-id=\"c72051b\" data-element_type=\"container\" data-e-type=\"container\" data-settings=\"{&quot;background_background&quot;:&quot;classic&quot;}\">\n\t\t\t\t<\/div>\n\t\t<div class=\"elementor-element elementor-element-274b96f e-con-full e-flex e-con e-child\" data-id=\"274b96f\" data-element_type=\"container\" data-e-type=\"container\">\n\t\t\t\t<div class=\"elementor-element elementor-element-0b24a1a elementor-widget-divider--view-line elementor-widget elementor-widget-divider\" data-id=\"0b24a1a\" data-element_type=\"widget\" data-e-type=\"widget\" data-widget_type=\"divider.default\">\n\t\t\t\t\t\t\t<div class=\"elementor-divider\">\n\t\t\t<span class=\"elementor-divider-separator\">\n\t\t\t\t\t\t<\/span>\n\t\t<\/div>\n\t\t\t\t\t\t<\/div>\n\t\t\t\t<div class=\"elementor-element elementor-element-0445925 elementor-widget elementor-widget-text-editor\" data-id=\"0445925\" data-element_type=\"widget\" data-e-type=\"widget\" data-widget_type=\"text-editor.default\">\n\t\t\t\t\t\t\t\t\t<div id=\"comp-l8iuswya__item-l8iv3jq6\" class=\"PiVxGu MDrwHQ comp-l8iuswya__item-l8iv3jq6 wixui-repeater__item\" dir=\"ltr\" role=\"listitem\"><div class=\"comp-l8iuswya-container\" data-testid=\"responsive-container-content\"><div id=\"comp-l8mwga4d__item-l8iv3jq6\" class=\"PiVxGu MDrwHQ comp-l8mwga4d-container comp-l8mwga4d__item-l8iv3jq6 wixui-box\" dir=\"ltr\" role=\"\"><div id=\"comp-l8iuy5xw__item-l8iv3jq6\" class=\"MMl86N zQ9jDz qvSjx3 Vq6kJx comp-l8iuy5xw__item-l8iv3jq6 wixui-rich-text\" data-testid=\"richTextElement\"><h3 class=\"font_2 wixui-rich-text__text\"><span class=\"wixui-rich-text__text\">Vos retouches<\/span><\/h3><\/div><\/div><\/div><\/div>\t\t\t\t\t\t\t\t<\/div>\n\t\t\t\t<div class=\"elementor-element elementor-element-481b66c elementor-widget elementor-widget-text-editor\" data-id=\"481b66c\" data-element_type=\"widget\" data-e-type=\"widget\" data-widget_type=\"text-editor.default\">\n\t\t\t\t\t\t\t\t\t<p class=\"font_8 wixui-rich-text__text\"><span class=\"wixui-rich-text__text\">Sourcils<\/span><\/p><p class=\"font_8 wixui-rich-text__text\">1ere retouche \u2014\u00a0<span class=\"wixui-rich-text__text\">50 \u20ac<\/span><\/p><p class=\"font_8 wixui-rich-text__text\">( entre 1 et 2 mois apr\u00e8s la cr\u00e9ation )<\/p><p class=\"font_8 wixui-rich-text__text\">Retouche annuelle \u2014\u00a0<span class=\"wixui-rich-text__text\">180\/200 \u20ac<\/span><\/p><p class=\"font_8 wixui-rich-text__text\">(Pour les cr\u00e9ations r\u00e9alis\u00e9es au studio)<\/p><p class=\"font_8 wixui-rich-text__text\"><span class=\"wixui-rich-text__text\">L\u00e8vres<\/span><\/p><p class=\"font_8 wixui-rich-text__text\">1ere retouche \u2014\u00a0<span class=\"wixui-rich-text__text\">80 \u20ac<\/span><\/p><p class=\"font_8 wixui-rich-text__text\">( entre 1 et 2 mois apr\u00e8s la cr\u00e9ation )<\/p><p class=\"font_8 wixui-rich-text__text\">Retouche annuelle \u2014\u00a0<span class=\"wixui-rich-text__text\">250 \u20ac<\/span><\/p><p class=\"font_8 wixui-rich-text__text\">(Pour les cr\u00e9ations r\u00e9alis\u00e9es au studio)<\/p><p class=\"font_8 wixui-rich-text__text\"><span class=\"wixui-rich-text__text\">Yeux<\/span><\/p><p class=\"font_8 wixui-rich-text__text\">1ere retouche \u2014\u00a0<span class=\"wixui-rich-text__text\">50 \u20ac<\/span><\/p><p class=\"font_8 wixui-rich-text__text\">( entre 1 et 2 mois apr\u00e8s la cr\u00e9ation )<\/p><p class=\"font_8 wixui-rich-text__text\"><span class=\"wixui-rich-text__text\">-25% sur les retouches annuelles<\/span><\/p>\t\t\t\t\t\t\t\t<\/div>\n\t\t\t\t<\/div>\n\t\t\t\t<\/div>\n\t\t<div class=\"elementor-element elementor-element-8f42963 e-con-full e-flex e-con e-parent\" data-id=\"8f42963\" data-element_type=\"container\" data-e-type=\"container\">\n\t\t<div class=\"elementor-element elementor-element-43965c0 e-con-full e-flex e-con e-child\" data-id=\"43965c0\" data-element_type=\"container\" data-e-type=\"container\">\n\t\t\t\t<div class=\"elementor-element elementor-element-e9840e8 elementor-widget-divider--view-line elementor-widget elementor-widget-divider\" data-id=\"e9840e8\" data-element_type=\"widget\" data-e-type=\"widget\" data-widget_type=\"divider.default\">\n\t\t\t\t\t\t\t<div class=\"elementor-divider\">\n\t\t\t<span class=\"elementor-divider-separator\">\n\t\t\t\t\t\t<\/span>\n\t\t<\/div>\n\t\t\t\t\t\t<\/div>\n\t\t\t\t<div class=\"elementor-element elementor-element-5f30de6 elementor-widget elementor-widget-text-editor\" data-id=\"5f30de6\" data-element_type=\"widget\" data-e-type=\"widget\" data-widget_type=\"text-editor.default\">\n\t\t\t\t\t\t\t\t\t<div id=\"comp-l8iuswya__item-j9plerjk\" class=\"PiVxGu MDrwHQ variants-l8mwlrbi comp-l8iuswya__item-j9plerjk wixui-repeater__item\" dir=\"ltr\" role=\"listitem\"><div class=\"comp-l8iuswya-container\" data-testid=\"responsive-container-content\"><div id=\"comp-l8mwga4d__item-j9plerjk\" class=\"PiVxGu MDrwHQ comp-l8mwga4d-container comp-l8mwga4d__item-j9plerjk wixui-box\" dir=\"ltr\" role=\"\"><div id=\"comp-l8iuy5xw__item-j9plerjk\" class=\"MMl86N zQ9jDz qvSjx3 Vq6kJx comp-l8iuy5xw__item-j9plerjk wixui-rich-text\" data-testid=\"richTextElement\"><div id=\"comp-l8iuswy4\" class=\"Mdue19 comp-l8iuswy4 wixui-repeater\"><div class=\"comp-l8iuswy4-container\" role=\"list\" data-testid=\"responsive-container-content\"><div id=\"comp-l8iuswya__item-l8iv3l5v\" class=\"PiVxGu MDrwHQ variants-l8mwlrbi comp-l8iuswya__item-l8iv3l5v wixui-repeater__item\" dir=\"ltr\" role=\"listitem\"><div class=\"comp-l8iuswya-container\" data-testid=\"responsive-container-content\"><div id=\"comp-l8mwga4d__item-l8iv3l5v\" class=\"PiVxGu MDrwHQ comp-l8mwga4d-container comp-l8mwga4d__item-l8iv3l5v wixui-box\" dir=\"ltr\" role=\"\"><div id=\"comp-l8iuy5xw__item-l8iv3l5v\" class=\"MMl86N zQ9jDz qvSjx3 Vq6kJx comp-l8iuy5xw__item-l8iv3l5v wixui-rich-text\" data-testid=\"richTextElement\"><h3 class=\"font_2 wixui-rich-text__text\"><span class=\"wixui-rich-text__text\">Offrez vous un petit +<\/span><\/h3><\/div><\/div><div id=\"comp-l8mwhd17__item-l8iv3l5v\" class=\"comp-l8mwhd17__item-l8iv3l5v wixui-vector-image\"><div class=\"VDJedC l4CAhn\" data-testid=\"svgRoot-comp-l8mwhd17__item-l8iv3l5v\">\u00a0<\/div><\/div><\/div><\/div><\/div><\/div><div id=\"comp-l8mw1nqz\" class=\"PiVxGu MDrwHQ comp-l8mw1nqz-container comp-l8mw1nqz wixui-box\" dir=\"ltr\" role=\"\">\u00a0<\/div><\/div><\/div><\/div><\/div>\t\t\t\t\t\t\t\t<\/div>\n\t\t\t\t<div class=\"elementor-element elementor-element-e3e176a elementor-widget elementor-widget-text-editor\" data-id=\"e3e176a\" data-element_type=\"widget\" data-e-type=\"widget\" data-widget_type=\"text-editor.default\">\n\t\t\t\t\t\t\t\t\t<div id=\"comp-l8iuznee__item1\" class=\"MMl86N zQ9jDz qvSjx3 Vq6kJx comp-l8iuznee__item1 wixui-rich-text\" data-testid=\"richTextElement\"><p class=\"font_8 wixui-rich-text__text\">Pour r\u00e9pondre \u00e0 vos besoins nous prendrons le temps d\u2019analyser la forme de vos yeux, de chercher le meilleur trac\u00e9\u00a0afin de les mettre en valeur.<\/p><p class=\"font_8 wixui-rich-text__text\"><span class=\"wixui-rich-text__text\">Lash Liner<\/span><br class=\"wixui-rich-text__text\" \/>Intensifiez votre regard avec un ras de cils qui va densifier votre base ciliaire naturelle id\u00e9al pour un rendu discret au fini naturel.<\/p><p class=\"font_8 wixui-rich-text__text\">Lash Liner haut \u2014<span class=\"wixui-rich-text__text\">\u00a0220 \u20ac<\/span><\/p><p class=\"font_8 wixui-rich-text__text\">Lash Liner bas \u2014<span class=\"wixui-rich-text__text\">\u00a0180 \u20ac<\/span><\/p><p class=\"font_8 wixui-rich-text__text\">Kh\u00f4l bas\u00a0\u2014<span class=\"wixui-rich-text__text\">\u00a0220 \u20ac<\/span><\/p><p class=\"font_8 wixui-rich-text__text\"><span class=\"wixui-rich-text__text\">Liner classique\u00a0<\/span>\u2014<span class=\"wixui-rich-text__text\">\u00a0<\/span><span class=\"wixui-rich-text__text\">300 \u20ac<\/span><br class=\"wixui-rich-text__text\" \/>Le ras de cils est intense, une pointe fine et l\u00e9g\u00e8re \u00e9pouse la forme de votre \u0153il pour \u00e9tirer votre regard.<\/p><p class=\"font_8 wixui-rich-text__text\"><span class=\"wixui-rich-text__text\">Powder Lift\u00a0<\/span>\u2014<span class=\"wixui-rich-text__text\">360 \u20ac<\/span><br class=\"wixui-rich-text__text\" \/>R\u00e9sultat fard \u00e0 paupi\u00e8re plus sophistiqu\u00e9 tout en discr\u00e9tion avec un effet pixel pour donner de la profondeur et rehausser votre regard.<\/p><\/div>\t\t\t\t\t\t\t\t<\/div>\n\t\t\t\t<\/div>\n\t\t<div class=\"elementor-element elementor-element-ce44776 e-con-full e-flex e-con e-child\" data-id=\"ce44776\" data-element_type=\"container\" data-e-type=\"container\" data-settings=\"{&quot;background_background&quot;:&quot;classic&quot;}\">\n\t\t\t\t<\/div>\n\t\t\t\t<\/div>\n\t\t\t\t<\/div>\n\t\t","protected":false},"excerpt":{"rendered":"<p>Maquillage permanent Prestations de dermopigmentation et tarifs en d\u00e9taill\u00e9s du studio (Neuilly-sur-Seine). \u00a0\u00a0 EN SAVOIR PLUS Vous souhaitez rester belle tout au long de la journ\u00e9e avec un maquillage parfait et naturel ? Que vous soyez sportive ou femme active, allergique au maquillage traditionnel, que vous ayez une vue l\u00e9g\u00e8rement d\u00e9ficiente ou des mains peu [&hellip;]<\/p>\n","protected":false},"author":1,"featured_media":0,"parent":0,"menu_order":0,"comment_status":"closed","ping_status":"closed","template":"","meta":{"footnotes":""},"class_list":["post-1507","page","type-page","status-publish","hentry"],"_links":{"self":[{"href":"https:\/\/www.alex.creation-site-divi.fr\/index.php\/wp-json\/wp\/v2\/pages\/1507","targetHints":{"allow":["GET"]}}],"collection":[{"href":"https:\/\/www.alex.creation-site-divi.fr\/index.php\/wp-json\/wp\/v2\/pages"}],"about":[{"href":"https:\/\/www.alex.creation-site-divi.fr\/index.php\/wp-json\/wp\/v2\/types\/page"}],"author":[{"embeddable":true,"href":"https:\/\/www.alex.creation-site-divi.fr\/index.php\/wp-json\/wp\/v2\/users\/1"}],"replies":[{"embeddable":true,"href":"https:\/\/www.alex.creation-site-divi.fr\/index.php\/wp-json\/wp\/v2\/comments?post=1507"}],"version-history":[{"count":31,"href":"https:\/\/www.alex.creation-site-divi.fr\/index.php\/wp-json\/wp\/v2\/pages\/1507\/revisions"}],"predecessor-version":[{"id":1606,"href":"https:\/\/www.alex.creation-site-divi.fr\/index.php\/wp-json\/wp\/v2\/pages\/1507\/revisions\/1606"}],"wp:attachment":[{"href":"https:\/\/www.alex.creation-site-divi.fr\/index.php\/wp-json\/wp\/v2\/media?parent=1507"}],"curies":[{"name":"wp","href":"https:\/\/api.w.org\/{rel}","templated":true}]}}